se z = 5*q + 15, -5*q = l - 1 - 1. What is the units digit of l?
7
Suppose 0 = -156*i + 102*i + 262386. What is the units digit of i?
9
Let g be ((-272)/32)/(1/22). Let d = g + 331. What is the units digit of d?
4
Suppose -l + 2*z = -300, 3 = -3*z - 0. Let x = 466 - l. What is the tens digit of x?
6
Let w(a) = -a**3 + 6*a**2 + 4. Suppose 3*p + 9 - 18 = 0. What is the tens digit of w(p)?
3
Suppose 0 = -6*v - 24 + 96. Let a = -4 + v. Suppose m = a + 31. What is the tens digit of m?
3
Suppose -5 = -7*y + 9. Let h(d) = 7*d - 3. What is the tens digit of h(y)?
1
What is the hundreds digit of 284*4/28*196/8?
9
Let s(c) be the second derivative of 4*c**4/3 + c**3/3 - 10*c**2 + 8*c. What is the hundreds digit of s(4)?
2
Let s = 6 - 3. Suppose -s*m - 25 + 166 = -5*h, m + 5*h = 27. Suppose -m = 3*n - 6*n. What is the units digit of n?
4
Let c(t) be the second derivative of -t**4/24 + 3*t**3/2 - 5*t**2/2 + 3*t. Let r(k) be the first derivative of c(k). What is the tens digit of r(-7)?
1
Suppose -5*h + 39 = 329. Let u = h - -168. What is the units digit of u?
0
Let b(u) be the first derivative of -3 + 1/2*u**2 - 3*u + 1/3*u**3. What is the units digit of b(4)?
7
What is the tens digit of 43 + (3/9 - 2/6)?
4
Let n(l) = l**3 + 8*l**2 - 10*l - 2. Let u be n(-9). Let q be -70*u/(105/(-6)). Let k = q - 27. What is the units digit of k?
1
Let v = -116 - -119. Suppose -306 - 51 = -v*o. What is the units digit of o?
9
Let v be 0*(0 - 1/(-2)). Suppose -i - u = 2*i - 174, -3*i + 5*u + 156 = v. What is the tens digit of i?
5
Suppose q - 4*q = 3*f - 12, 3*q = 3*f - 24. Suppose -f*o = -o. What is the units digit of 0 + -1 + (3 - o)?
2
Let a be (2/(-3))/((-26)/585). Let v = -12 + a. Suppose -5*l + q + 83 = -0, -v*l + 55 = 2*q. What is the units digit of l?
7
Let t(m) be the second derivative of 1/6*m**3 + 19/2*m**2 - 1/20*m**5 - 1/12*m**4 + 0 + 5*m. What is the units digit of t(0)?
9
Let z = 92 - 98. Let b be 4/(0 - -2)*-4. Let r = z - b. What is the units digit of r?
2
Let j = 779 - 426. What is the units digit of j?
3
Suppose 36*k - 32*k - 44 = 0. Let y(z) = 15*z + 14. What is the tens digit of y(k)?
7
Let w = 958 - 466. What is the units digit of w?
2
Suppose 0 = -4*a - z + 42, 4*z = -a + 6*a - 42. Suppose 3*g - 29 = -3*d + 43, 3*g = -3. Let t = d - a. What is the units digit of t?
5
Let l(n) = 8*n**2 + 74*n - 61. What is the hundreds digit of l(-26)?
4
Let i(n) be the third derivative of n**4/24 + 61*n**3/6 + 2*n**2. Suppose -46*u = -65*u. What is the units digit of i(u)?
1
Let z = 100 - -2695. What is the units digit of z?
5
Suppose 18*j - 3701 = 15*j + 5*s, 4*j - 4978 = -2*s. What is the tens digit of j?
4
What is the units digit of 4/(-20) + (-2 - (-6663)/15)?
2
Let q(t) = -t**2 - 6*t - 6. Let h be q(-4). Let g = h - -6. What is the units digit of 428/14 - g/14?
0
Let d be 1/((18/(-4))/(-9)). Suppose -815 = -5*o + d*i, -2*i - 66 = -2*o + 254. What is the tens digit of o?
6
Suppose -5*a + 4*b + 8505 = -0*b, 0 = a - b - 1700. What is the tens digit of 9/12 + a/20?
8
Let z(g) = -10*g + 66 + 69 + 10*g**2 - 151. What is the units digit of z(6)?
4
Let o be 27 + (3 - (-4 + 4)). Let a = o - -39. What is the units digit of a?
9
What is the hundreds digit of 42/(1 - 0)*(11 + 1)?
5
Suppose 0 = 4*i - 12, -2*w = -3*i + 2*i - 1. Suppose -p + w*s - 5 = 0, -5*p + 2*s = -3*s + 35. Let v(x) = -2*x - 7. What is the units digit of v(p)?
1
Let q = -7 - -11. Suppose -2 = -v - 6, -5*a = q*v - 54. What is the tens digit of a?
1
Suppose 2*l + 3*a = l + 1, 0 = -5*l + 2*a + 90. What is the units digit of (-7 + 152/l)*98/1?
5
Let r(i) = i**2 - 4*i + 3. Let h be r(7). Let v = -7 + h. What is the tens digit of v?
1
Let l be 0 - -159 - (4 - 4). Let w = 410 - l. What is the units digit of w?
1
Let g(n) = 5*n - 4. Let l(x) = 14*x - 11. Let q(b) = -11*g(b) + 4*l(b). Let y(f) = 5*f + 5. Let u(c) = 4*q(c) - y(c). What is the units digit of u(-7)?
2
Suppose w + w + 22 = 0. Let b(d) = -d - 8. Let n be b(w). Suppose n*o + 5*j - 8 = 0, 2*j = 4*o - 39 - 15. What is the units digit of o?
1
Let w be 2*1 + (-208)/(-8). Let z = -55 + w. Let f = -20 - z. What is the units digit of f?
7
Suppose 6 = 4*i + g - 3*g, 1 = g. Suppose 0 = -i*f - 3*c - 106, -4*f + 2*c - 187 = 9. Let r = 86 + f. What is the units digit of r?
6
Let t = 18 + -15. Let s be (0 + t)/(6/6). Suppose -s*i + 12 = -30. What is the units digit of i?
4
Suppose 25 = -13*j + 18*j. Suppose 0*i = -j*i + 20, -t = -5*i - 84. What is the units digit of t?
4
Let w = -364 - -362. Let c(p) = 2*p**3 + 3*p**2 - 3*p - 5. Let f(a) = -2*a**3 - 4*a**2 + 3*a + 6. Let h(r) = -3*c(r) - 2*f(r). What is the units digit of h(w)?
9
Let z = -2115 + 3278. What is the hundreds digit of z?
1
Let m(z) = 54*z + 63. What is the units digit of m(7)?
1
Suppose 8802 = -49*s + 52*s. What is the thousands digit of s?
2
What is the hundreds digit of 76/418 + (-7881)/(-33)?
2
Let o(h) = 164*h**3 - 2*h**2 - h + 1. Let y be o(1). Suppose 0 = 6*f - f - 2*b - 273, -3*b - y = -3*f. What is the units digit of f?
5
Let c = 14 + -12. Suppose -215 = -c*d + 1. Suppose -d = -5*t + 2*z + 2*z, 3*z = -6. What is the tens digit of t?
2
Let m be (-4 - -3)*(2 - 4). Suppose 2*w - 172 = -4*i, 3*i - 115 = m*w - 0*w. What is the tens digit of i?
4
Let w(d) = -181*d + 23. What is the tens digit of w(-6)?
0
Let n = 17 - 18. What is the tens digit of n/(4/(-56)) - 1?
1
Suppose z + 44 + 130 = c, 3*c - 508 = -4*z. Suppose 4*a + 3*b - c = 2*b, -172 = -4*a - 5*b. What is the units digit of a?
3
Suppose 15 = 5*l - 0. Suppose -4*o + 260 = -2*d, d + 156 = l*o - 37. What is the tens digit of o?
6
Let u(z) be the third derivative of 1/3*z**3 + 0*z - z**2 + 1/24*z**4 + 0. What is the units digit of u(7)?
9
Suppose 4*x + x - 105 = 0. Suppose -3*o - 2*o = -3*i + x, -18 = 4*o - 3*i. Let h = o - -13. What is the units digit of h?
0
Let o = 2573 - 1331. What is the tens digit of o?
4
Suppose 101*u - 160*u = -69443. What is the tens digit of u?
7
Suppose 10*c = 5*c + 205. Suppose -273 = -g - c. What is the units digit of g?
2
Suppose -14 - 6 = -5*p. Let r = 248 + -139. Suppose p*s = 35 + r. What is the units digit of s?
6
Let j(o) be the third derivative of o**4/8 + o**3 + 4*o**2. Let c be j(3). Let y = c - 7. What is the units digit of y?
8
Let j = 129 + -306. Let d = -120 - j. Suppose 5*g = 2*g + d. What is the tens digit of g?
1
Suppose -88 = -6*l - 10. Suppose -y + l = -52. What is the tens digit of y?
6
Let a = -11 + 19. Suppose -d - a = 2*d + 2*q, 4*d + 12 = -3*q. Let b = d - -1. What is the units digit of b?
1
Let k(z) = 10*z - 1. Let g be k(5). Let n = -11 + g. What is the tens digit of n?
3
Let c be (-1 - -2)/(4/32). Suppose -c*v = -9*v - 6. Let i = v + 46. What is the tens digit of i?
4
Let h = -286 - 18. Let o = h - -515. What is the units digit of o?
1
Let m = -685 - -2759. What is the tens digit of m?
7
Suppose 325 = s + 47. Suppose 2*b - s = 140. What is the hundreds digit of b?
2
Let f be 1*-363*2/(-6). Let a = -34 + f. Suppose -a = -6*g + 3*g. What is the units digit of g?
9
Let s(j) = 0*j - j + 403 - j**3 - 403. Let z be s(0). Suppose 5*t - q = 209, z = 3*t + 4*q + 54 - 161. What is the units digit of t?
1
Let z = -31 - -31. Suppose z = -2*l + 4*l - 240. What is the units digit of l?
0
Let g be 8/10*(-60)/(-8). Let v = 7 + g. What is the units digit of v?
3
Let y = 13 + -11. Suppose -t + 39 = f, f + 0*f - 73 = -y*t. What is the tens digit of t?
3
Let d = 27 + -28. Let z(w) = -9*w**3 + w**2 - 1. Let n be z(d). Suppose -39 = -4*p + n. What is the units digit of p?
2
Suppose -10*s - 56 = -8*s. Let y = 73 + s. What is the tens digit of y?
4
Let q be (-4)/7*(-56)/16. Suppose -9 = -q*x - 5. Let y(z) = 2*z**3 - 2*z + 4. What is the tens digit of y(x)?
1
Suppose -3*i = 53 - 839. What is the tens digit of i?
6
Let q be (-7)/(-3) + -5 + (-17)/(-3). Suppose q*g - 188 = g. What is the units digit of g?
4
Let p(d) be the third derivative of -d**6/120 - 3*d**5/20 + 5*d**4/8 - 5*d**3/3 - 4*d**2. What is the units digit of p(-11)?
7
Suppose 3*s = 3*h - 2*s + 9, 2*s = 2*h + 2. Suppose 3*i = -h*i. Let d = i + 9. What is the units digit of d?
9
Let r(b) = -b. Let q(h) = -h**3 - 5*h**2 - 5*h + 1. Let p(v) = q(v) - 2*r(v). Let a be p(-4). Let k = a + 11. What is the units digit of k?
8
Let s(t) be the second derivative 